6)/(-8) - 2*(-3)/24 is divided by 41.
38
Let w(b) = 3*b - 4. Let q be w(2). Suppose l = -5*d + 19, 0*l - 4*l + 32 = -q*d. Calculate the remainder when 88 is divided by l.
7
Suppose 0 = -b - 3*b + 56. Let v = b - 11. Calculate the remainder when 2 is divided by (10/(-15))/((-1)/v).
0
Let h(u) = -3*u - 1 + 11 + 10 + 2. Suppose 4*w - 25 = -w. What is the remainder when h(5) is divided by w?
2
Suppose 6*d + 2*s = d + 338, -4*d = -5*s - 277. Calculate the remainder when d is divided by 2.
0
Suppose -4*o + 11 = -5*s, 4*o + 6 = 2. Calculate the remainder when s/(-1) + 32 + -1 is divided by 9.
7
Let f = 591 - 552. Calculate the remainder when 127 is divided by f.
10
Let t(c) = -4*c**2 + 5 - c + 0*c**2 - c**3 + 0*c + 4*c. Let z be t(-6). Let v = z + -17. What is the remainder when v is divided by 11?
9
Suppose 2*p + t = -3*p + 34, -2*p - 3*t = -11. Suppose -205 = -p*k + 2*k. What is the remainder when k is divided by 11?
8
Let x(t) = 2*t**2 - t. Suppose -2*v - 41 = -v - 3*g, 3*g = 2*v + 73. Calculate the remainder when v/12*(-171)/12 is divided by x(-2).
8
Calculate the remainder when 1547/21 - 20/(-15) is divided by 23.
6
Let m = 1 + 0. Let v be (0 + 0)*m + 34. Suppose v = 4*d + 2*a, -3*d = 3*a - 7*a - 42. Calculate the remainder when d is divided by 3.
1
Let s = 21 + -17. Suppose -s*n = -n. Suppose 4*q - 31 = -3*k - n*q, -k - 5*q + 25 = 0. What is the remainder when 18 is divided by k?
3
Let v = 369 + -332. What is the remainder when 104 is divided by v?
30
Suppose 2*q + q = -3*x + 84, -3*x + 99 = -2*q. What is the remainder when 59 is divided by x?
28
Suppose -32 - 38 = -5*m. What is the remainder when (4 - (-14)/(-4))*274 is divided by m?
11
Let k(p) = p**3 - 2*p**2 - 7*p - 1. Let z be k(7). Suppose 0 = 5*j - i - z, 2*i + 1 = -9. What is the remainder when j is divided by ((-2)/2)/((-1)/10)?
8
Let a(g) = 6*g - 28. Let w be a(5). Suppose 3*m - 2*p = 77, -w*m - 4*p + 5*p = -51. What is the remainder when 148 is divided by m?
23
Suppose -3*n = -108 - 108. Let f = 78 - n. Calculate the remainder when 52 is divided by f.
4
Let k(g) be the third derivative of g**5/30 + g**4/4 + g**3 - 4*g**2. Let y be k(-4). What is the remainder when 794/y - (-4)/14 is divided by 12?
9
Let o be (-6)/(-2 - (3 + -3)). Suppose o*a - 5 = 16. Let k = 39 - 20. Calculate the remainder when k is divided by a.
5
Suppose -10*d - 84 = -12*d. What is the remainder when d is divided by 38?
4
Let p be ((-10)/(-25))/(4/30). Suppose -p*a + 159 = r - 4*r, -229 = -5*a - 4*r. Calculate the remainder when a is divided by 15.
4
Let n(p) = -23*p - 258. Calculate the remainder when 34 is divided by n(-12).
16
Suppose -20*c + 18*c = -198. Let n be 5*(-4 - (-72)/15). Suppose -4*i + 92 = n*k, -2*k = -5*i + 9 - 69. Calculate the remainder when c is divided by k.
24
Suppose 6*y - 2*y = 88. Let w = y - 20. Suppose 3*z = z, w*u = 3*z + 28. Calculate the remainder when 25 is divided by u.
11
Suppose -3*v = 3*d - 330, -522 + 164 = -3*d + 4*v. Suppose -499 = -5*c - d. Calculate the remainder when c is divided by 6.
5
What is the remainder when 3*(-6)/4*2888/(-228) is divided by 13?
5
Suppose 5*h + 336 = -h. Suppose 5 = t, 0 = 4*o - 3*t - 192 - 5. What is the remainder when o is divided by (1/(-2))/(2/h)?
11
Suppose t - 2*p - 34 - 76 = 0, -434 = -4*t + 2*p. Calculate the remainder when t is divided by 20.
8
Suppose 2*f + 5 = 41. Let a(p) = p**3 + 4*p**2 - 4*p + 4. Let c be a(-5). Let i = 35 + c. Calculate the remainder when i is divided by f.
16
Let p(y) = -y**3 + 35*y**2 + 153*y + 120. Calculate the remainder when 28 is divided by p(39).
1
Let t(o) be the second derivative of -7*o**3/6 - 45*o**2/2 - 16*o. Let i(d) = d**2 + 3*d - 6. Calculate the remainder when t(-13) is divided by i(-6).
10
Suppose 582 = 44*v - 1090. What is the remainder when 109 is divided by v?
33
Let q = 1757 + -1670. What is the remainder when q is divided by 10?
7
Suppose -4*g - 81 + 253 = 0. What is the remainder when 4 - 0 - 2 - -125 is divided by g?
41
Calculate the remainder when (-2702)/(-42) + 6/9 is divided by 23.
19
Suppose 0 = 8*v - 3*v. Suppose 57 = 3*w - v. Suppose -w - 17 = -4*i. What is the remainder when 35 is divided by i?
8
Suppose -5*z + 5*r + 35 = 0, 4*z + 5*r - 3 = 16. Suppose -2*y - 2*a = -z, 3*a = -a. Let t(c) = 7*c + 1. Calculate the remainder when t(y) is divided by 8.
6
Suppose 0 = 2*v - 0*v + 2*l, -4*l = -3*v - 14. Calculate the remainder when (-102)/v + -7 + 5 is divided by 3.
1
Let u = -6 - -12. Suppose -u*y + 89 = -1. Calculate the remainder when 25 is divided by y.
10
Suppose 2*f + 65 = 7*f. Suppose 11*h - f*h + 28 = 0. Let p(r) = 14*r**2 - 1. What is the remainder when p(-2) is divided by h?
13
Suppose 19*j + 72 = 23*j - 4*x, -3*j = x - 34. What is the remainder when 63 is divided by j?
11
Let d = 25 + -26. What is the remainder when 82 - (4 + -4)/d is divided by 14?
12
Let z = -519 + 594. What is the remainder when 222 is divided by z?
72
Let g be ((-4)/(-8))/((-4)/16). Let f be 4/g + 2 + 3. What is the remainder when 21 is divided by (f/(-5) - 0)*-20?
9
Suppose -5*x - 1 + 11 = 0. Calculate the remainder when 2 + 1 + -2 + 1 is divided by x.
0
Suppose 0 = 6*k - 12*k - 96. What is the remainder when (k/(-12))/(2/111) is divided by (-338)/(-18) - (-2)/9?
17
Suppose -u = -m - 83 + 254, -5*u - 515 = -3*m. What is the remainder when 337 is divided by m?
167
Let j = -19 + 40. Suppose -6*r + 125 = -11*r. Let u = 65 + r. What is the remainder when u is divided by j?
19
Suppose 5*p - 2*y - 661 = 0, 0 = 2*p + 5*y - 100 - 176. Calculate the remainder when p is divided by 17.
14
Suppose -2*c - c - 2*o = -14, -5*c + o + 32 = 0. Suppose -3*b + c*b - 249 = 0. Let j = 152 - b. Calculate the remainder when j is divided by 14.
13
Suppose -5*k + 5*r + 65 = 6*r, -4*r + 44 = 2*k. What is the remainder when 31 is divided by k?
7
Let b = -4 + 10. Suppose 0 = 22*u - 587 + 169. What is the remainder when u is divided by b?
1
Suppose 3*y - y + 184 = 0. Let h = -27 - y. What is the remainder when h is divided by 23?
19
Let v = -11 + 21. Calculate the remainder when 527 is divided by v.
7
Suppose 851 = 7*d + 319. Calculate the remainder when d is divided by 26.
24
Let t = 170 + -112. What is the remainder when t is divided by (-1)/(-1 + (-66)/(-69))?
12
Let k = 17 + -9. Let m(x) = x**2 - x - 10. Suppose -121 = f - 5*f - 5*l, 5 = l. What is the remainder when m(k) is divided by f?
22
Let g = 108 - 249. Let j = -120 - g. Calculate the remainder when -3*((-80)/(-3))/(-2) is divided by j.
19
Let x(v) be the second derivative of -v**4/12 - 3*v**3/2 + 5*v**2/2 - v + 11. What is the remainder when 142 is divided by x(-8)?
12
Suppose 38*q + 156 = 42*q. Suppose -y - 4*w + 3*w + q = 0, 6 = 3*w. Calculate the remainder when y is divided by 7.
2
Let w be 16/(-48) - -53*(-4)/(-6). Suppose 46 = 2*i - 2*z, -1 + w = 3*i + 4*z. What is the remainder when i is divided by 6?
0
Suppose 10*u = 15*u - 800. Let g = u + -97. Calculate the remainder when g is divided by 4.
3
Let r = -30 + 53. Let x = r + 2. Calculate the remainder when 72 is divided by x.
22
Suppose -u = -4*g + g + 218, g - 66 = -u. Calculate the remainder when 281 is divided by g.
68
Let w = 437 + -48. Calculate the remainder when w is divided by 10.
9
Let r = -107 - -125. Calculate the remainder when 53/(((-6)/2)/(-3)) is divided by r.
17
Let l(y) = -y**3 - 31*y**2 - 201*y + 15. Suppose -4*n + 72 = 6*q - 2*q, 3*n - 60 = -5*q. Calculate the remainder when l(-9) is divided by n.
12
Suppose 4*m + 2948 = 26*m. Calculate the remainder when m is divided by 17.
15
Let z = 30 + -18. Let h be -4 - -32 - (-3 - 0). Let c = 38 - h. What is the remainder when z is divided by c?
5
Suppose 0 = -5*z + 2*z. Suppose 3*t - 21 - 9 = z. Calculate the remainder when 2 - (-8)/(-4) - -17 is divided by t.
7
Let a = -80 + 80. Suppose -t + 12 = -a*t. What is the remainder when 38 is divided by t?
2
Let x(u) = -u**2 + 14*u - 16. Suppose -72 = 3*m - 105. Calculate the remainder when 150 is divided by x(m).
14
Let l be -10 - 7/(7/2). Let k = 14 - l. Calculate the remainder when k is divided by 9.
8
Let s(y) = -y**3 - 12. Let q be s(0). Let a be (-30)/(-9)*q/(-10). Suppose -a*h - h + 410 = 0. Calculate the remainder when h is divided by 17.
14
Let d be (-131)/8 - 6/(-16). Calculate the remainder when 47 is di